{"id":444,"date":"2026-09-02T15:32:38","date_gmt":"2026-09-02T14:32:38","guid":{"rendered":"https:\/\/omsrostrenen.fr\/?page_id=444"},"modified":"2026-09-03T14:01:29","modified_gmt":"2026-09-03T13:01:29","slug":"renfo-du-midi","status":"publish","type":"page","link":"https:\/\/omsrostrenen.fr\/index.php\/renfo-du-midi\/","title":{"rendered":""},"content":{"rendered":"\n<p class=\"wp-block-paragraph\"><\/p>\n\n\n\n<p class=\"has-text-align-center has-open-sans-font-family wp-block-paragraph\"><strong>Mardi et jeudi<\/strong> <strong>midi de 12h15 \u00e0 13h15<\/strong><\/p>\n\n\n\n<p class=\"has-text-align-center has-open-sans-font-family wp-block-paragraph\">\u00e0 la salle <em>Sport Sant\u00e9<\/em> du colombier&nbsp;<\/p>\n\n\n\n<p class=\"has-text-align-center has-open-sans-font-family wp-block-paragraph\"><strong><span style=\"color: #ff0000;\">inscription par mail \u00e0 <\/span><\/strong><a href=\"mailto:jonathanperrot.oms@gmail.com\" data-type=\"mailto\" data-id=\"mailto:alexandrefernandez.oms@gmail.com\">mailto:jonathanperrot.oms@gmail.com<\/a><\/p>\n\n\n<div class=\"wp-block-image\">\n<figure class=\"aligncenter size-large\"><img loading=\"lazy\" decoding=\"async\" width=\"724\" height=\"1024\" src=\"https:\/\/omsrostrenen.fr\/wp-content\/uploads\/2026\/09\/Affiche-Renfo-OMS-1-724x1024.png\" alt=\"\" class=\"wp-image-447\" srcset=\"https:\/\/omsrostrenen.fr\/wp-content\/uploads\/2026\/09\/Affiche-Renfo-OMS-1-724x1024.png 724w, https:\/\/omsrostrenen.fr\/wp-content\/uploads\/2026\/09\/Affiche-Renfo-OMS-1-212x300.png 212w, https:\/\/omsrostrenen.fr\/wp-content\/uploads\/2026\/09\/Affiche-Renfo-OMS-1-768x1086.png 768w, https:\/\/omsrostrenen.fr\/wp-content\/uploads\/2026\/09\/Affiche-Renfo-OMS-1-1086x1536.png 1086w, https:\/\/omsrostrenen.fr\/wp-content\/uploads\/2026\/09\/Affiche-Renfo-OMS-1-1448x2048.png 1448w, https:\/\/omsrostrenen.fr\/wp-content\/uploads\/2026\/09\/Affiche-Renfo-OMS-1.png 1587w\" sizes=\"auto, (max-width: 724px) 100vw, 724px\" \/><\/figure>\n<\/div>","protected":false},"excerpt":{"rendered":"<p>Mardi et jeudi midi de 12h15 \u00e0 13h15 \u00e0 la salle Sport Sant\u00e9 du colombier&nbsp; inscription par mail \u00e0 mailto:jonathanperrot.oms@gmail.com<\/p>\n","protected":false},"author":1,"featured_media":0,"parent":0,"menu_order":0,"comment_status":"closed","ping_status":"closed","template":"","meta":{"footnotes":""},"class_list":["post-444","page","type-page","status-publish","hentry"],"_links":{"self":[{"href":"https:\/\/omsrostrenen.fr\/index.php\/wp-json\/wp\/v2\/pages\/444","targetHints":{"allow":["GET"]}}],"collection":[{"href":"https:\/\/omsrostrenen.fr\/index.php\/wp-json\/wp\/v2\/pages"}],"about":[{"href":"https:\/\/omsrostrenen.fr\/index.php\/wp-json\/wp\/v2\/types\/page"}],"author":[{"embeddable":true,"href":"https:\/\/omsrostrenen.fr\/index.php\/wp-json\/wp\/v2\/users\/1"}],"replies":[{"embeddable":true,"href":"https:\/\/omsrostrenen.fr\/index.php\/wp-json\/wp\/v2\/comments?post=444"}],"version-history":[{"count":6,"href":"https:\/\/omsrostrenen.fr\/index.php\/wp-json\/wp\/v2\/pages\/444\/revisions"}],"predecessor-version":[{"id":491,"href":"https:\/\/omsrostrenen.fr\/index.php\/wp-json\/wp\/v2\/pages\/444\/revisions\/491"}],"wp:attachment":[{"href":"https:\/\/omsrostrenen.fr\/index.php\/wp-json\/wp\/v2\/media?parent=444"}],"curies":[{"name":"wp","href":"https:\/\/api.w.org\/{rel}","templated":true}]}}

<p class="wp-block-paragraph"></p>



<p class="has-text-align-center has-open-sans-font-family wp-block-paragraph"><strong>Mardi et jeudi</strong> <strong>midi de 12h15 à 13h15</strong></p>



<p class="has-text-align-center has-open-sans-font-family wp-block-paragraph">à la salle <em>Sport Santé</em> du colombier&nbsp;</p>



<p class="has-text-align-center has-open-sans-font-family wp-block-paragraph"><strong><span style="color: #ff0000;">inscription par mail à </span></strong><a href="mailto:jonathanperrot.oms@gmail.com" data-type="mailto" data-id="mailto:alexandrefernandez.oms@gmail.com">mailto:jonathanperrot.oms@gmail.com</a></p>


<div class="wp-block-image">
<figure class="aligncenter size-large"><img loading="lazy" decoding="async" width="724" height="1024" src="https://omsrostrenen.fr/wp-content/uploads/2026/09/Affiche-Renfo-OMS-1-724x1024.png" alt="" class="wp-image-447" srcset="https://omsrostrenen.fr/wp-content/uploads/2026/09/Affiche-Renfo-OMS-1-724x1024.png 724w, https://omsrostrenen.fr/wp-content/uploads/2026/09/Affiche-Renfo-OMS-1-212x300.png 212w, https://omsrostrenen.fr/wp-content/uploads/2026/09/Affiche-Renfo-OMS-1-768x1086.png 768w, https://omsrostrenen.fr/wp-content/uploads/2026/09/Affiche-Renfo-OMS-1-1086x1536.png 1086w, https://omsrostrenen.fr/wp-content/uploads/2026/09/Affiche-Renfo-OMS-1-1448x2048.png 1448w, https://omsrostrenen.fr/wp-content/uploads/2026/09/Affiche-Renfo-OMS-1.png 1587w" sizes="auto, (max-width: 724px) 100vw, 724px" /></figure>
</div>

<p>Mardi et jeudi midi de 12h15 à 13h15 à la salle Sport Santé du colombier&nbsp; inscription par mail à mailto:jonathanperrot.oms@gmail.com</p>
