{"id":471,"date":"2026-09-03T08:58:35","date_gmt":"2026-09-03T07:58:35","guid":{"rendered":"https:\/\/omsrostrenen.fr\/?page_id=471"},"modified":"2026-09-03T14:03:48","modified_gmt":"2026-09-03T13:03:48","slug":"gymnastique","status":"publish","type":"page","link":"https:\/\/omsrostrenen.fr\/index.php\/gymnastique\/","title":{"rendered":""},"content":{"rendered":"\n<p class=\"has-text-align-center has-open-sans-font-family wp-block-paragraph\"><strong> Mercredi de 15h45 \u00e0 16h45<\/strong><\/p>\n\n\n\n<p class=\"has-text-align-center has-open-sans-font-family wp-block-paragraph\">Pour les enfant de 6 \u00e0 11 ans<\/p>\n\n\n\n<p class=\"has-text-align-center has-open-sans-font-family wp-block-paragraph\"><em> 3\u00e8me \u00e9tage de l&rsquo;espace associatif , impasse du Colombier<\/em><\/p>\n\n\n\n<p class=\"has-text-align-center has-dark-brown-color has-text-color has-link-color has-open-sans-font-family wp-elements-1 wp-block-paragraph\"><strong><span style=\"color: #ff0000;\">inscription par mail <\/span><\/strong>: <a href=\"mailto:alexandredufrene.oms@gmail.com\">mailto:alexandredufrene.oms@gmail.com<\/a><\/p>\n\n\n\n<figure class=\"wp-block-image size-large\"><img loading=\"lazy\" decoding=\"async\" width=\"724\" height=\"1024\" src=\"https:\/\/omsrostrenen.fr\/wp-content\/uploads\/2026\/09\/Affiche-Gym-1-724x1024.png\" alt=\"\" class=\"wp-image-472\" srcset=\"https:\/\/omsrostrenen.fr\/wp-content\/uploads\/2026\/09\/Affiche-Gym-1-724x1024.png 724w, https:\/\/omsrostrenen.fr\/wp-content\/uploads\/2026\/09\/Affiche-Gym-1-212x300.png 212w, https:\/\/omsrostrenen.fr\/wp-content\/uploads\/2026\/09\/Affiche-Gym-1-768x1086.png 768w, https:\/\/omsrostrenen.fr\/wp-content\/uploads\/2026\/09\/Affiche-Gym-1-1086x1536.png 1086w, https:\/\/omsrostrenen.fr\/wp-content\/uploads\/2026\/09\/Affiche-Gym-1-1448x2048.png 1448w, https:\/\/omsrostrenen.fr\/wp-content\/uploads\/2026\/09\/Affiche-Gym-1.png 1587w\" sizes=\"auto, (max-width: 724px) 100vw, 724px\" \/><\/figure>\n","protected":false},"excerpt":{"rendered":"<p>Mercredi de 15h45 \u00e0 16h45 Pour les enfant de 6 \u00e0 11 ans 3\u00e8me \u00e9tage de l&rsquo;espace associatif , impasse du Colombier inscription par mail : mailto:alexandredufrene.oms@gmail.com<\/p>\n","protected":false},"author":1,"featured_media":0,"parent":0,"menu_order":0,"comment_status":"closed","ping_status":"closed","template":"","meta":{"footnotes":""},"class_list":["post-471","page","type-page","status-publish","hentry"],"_links":{"self":[{"href":"https:\/\/omsrostrenen.fr\/index.php\/wp-json\/wp\/v2\/pages\/471","targetHints":{"allow":["GET"]}}],"collection":[{"href":"https:\/\/omsrostrenen.fr\/index.php\/wp-json\/wp\/v2\/pages"}],"about":[{"href":"https:\/\/omsrostrenen.fr\/index.php\/wp-json\/wp\/v2\/types\/page"}],"author":[{"embeddable":true,"href":"https:\/\/omsrostrenen.fr\/index.php\/wp-json\/wp\/v2\/users\/1"}],"replies":[{"embeddable":true,"href":"https:\/\/omsrostrenen.fr\/index.php\/wp-json\/wp\/v2\/comments?post=471"}],"version-history":[{"count":2,"href":"https:\/\/omsrostrenen.fr\/index.php\/wp-json\/wp\/v2\/pages\/471\/revisions"}],"predecessor-version":[{"id":497,"href":"https:\/\/omsrostrenen.fr\/index.php\/wp-json\/wp\/v2\/pages\/471\/revisions\/497"}],"wp:attachment":[{"href":"https:\/\/omsrostrenen.fr\/index.php\/wp-json\/wp\/v2\/media?parent=471"}],"curies":[{"name":"wp","href":"https:\/\/api.w.org\/{rel}","templated":true}]}}

<p class="has-text-align-center has-open-sans-font-family wp-block-paragraph"><strong> Mercredi de 15h45 à 16h45</strong></p>



<p class="has-text-align-center has-open-sans-font-family wp-block-paragraph">Pour les enfant de 6 à 11 ans</p>



<p class="has-text-align-center has-open-sans-font-family wp-block-paragraph"><em> 3ème étage de l&rsquo;espace associatif , impasse du Colombier</em></p>



<p class="has-text-align-center has-dark-brown-color has-text-color has-link-color has-open-sans-font-family wp-elements-1 wp-block-paragraph"><strong><span style="color: #ff0000;">inscription par mail </span></strong>: <a href="mailto:alexandredufrene.oms@gmail.com">mailto:alexandredufrene.oms@gmail.com</a></p>



<figure class="wp-block-image size-large"><img loading="lazy" decoding="async" width="724" height="1024" src="https://omsrostrenen.fr/wp-content/uploads/2026/09/Affiche-Gym-1-724x1024.png" alt="" class="wp-image-472" srcset="https://omsrostrenen.fr/wp-content/uploads/2026/09/Affiche-Gym-1-724x1024.png 724w, https://omsrostrenen.fr/wp-content/uploads/2026/09/Affiche-Gym-1-212x300.png 212w, https://omsrostrenen.fr/wp-content/uploads/2026/09/Affiche-Gym-1-768x1086.png 768w, https://omsrostrenen.fr/wp-content/uploads/2026/09/Affiche-Gym-1-1086x1536.png 1086w, https://omsrostrenen.fr/wp-content/uploads/2026/09/Affiche-Gym-1-1448x2048.png 1448w, https://omsrostrenen.fr/wp-content/uploads/2026/09/Affiche-Gym-1.png 1587w" sizes="auto, (max-width: 724px) 100vw, 724px" /></figure>

<p>Mercredi de 15h45 à 16h45 Pour les enfant de 6 à 11 ans 3ème étage de l&rsquo;espace associatif , impasse du Colombier inscription par mail : mailto:alexandredufrene.oms@gmail.com</p>
